{"id":69,"date":"2011-09-30T17:32:54","date_gmt":"2011-09-30T20:32:54","guid":{"rendered":"http:\/\/localhost\/st\/site\/?page_id=69"},"modified":"2014-09-03T14:53:59","modified_gmt":"2014-09-03T17:53:59","slug":"st-folha-de-pagamento","status":"publish","type":"page","link":"http:\/\/www.stconsultoria.com.br\/site\/?page_id=69","title":{"rendered":"ST Folha de Pagamento"},"content":{"rendered":"<p style=\"text-align: justify; font-size:14px;\">Um sistema completo que proporciona rapidez e tranquilidade nas atividades do setor de recursos humanos, obedecendo e se adequando \u00e0s exig\u00eancias dos Tribunais de Contas.<\/p>\n<p style=\"text-align: justify; font-size:14px;\">Ministra todos os relat\u00f3rios e exporta\u00e7\u00f5es que s\u00e3o obrigat\u00f3rios ao setor p\u00fablico municipal. Possui um amplo cadastro com operacionalidade auto-explicativa.<\/p>\n<p style=\"text-align: justify; font-size:14px;\">A acessibilidade \u00e9 controlada por senha de usu\u00e1rio e log\u00b4s de opera\u00e7\u00e3o individual, proporcionando total seguran\u00e7a e auditoria dos dados armazenados. O sistema \u00e9 totalmente integrado aos Tribunais de Contas.<\/p>\n<hr \/>\n<table width=\"100%\" border=\"0\" style=\"background:none;\">\n<tr valign=\"top\">\n<td width=\"50%\">\n    <b>Folha de Pagamento para o Regime Estatut\u00e1rio<\/b><\/p>\n<ul>\n<li>Lan\u00e7amentos fixos e vari\u00e1veis<\/li>\n<li>Anuidade<\/li>\n<li>13\u00ba sal\u00e1rio<\/li>\n<li>INSS proporcional<\/li>\n<li>Controle do INSS e IRRF recolhido<\/li>\n<li>Hist\u00f3rico do servidor<\/li>\n<li>Folha de ponto<\/li>\n<li>Gerador de relat\u00f3rios<\/li>\n<li>Senhas individuais com auditorias<\/li>\n<li>Programa\u00e7\u00e3o de f\u00e9rias<\/li>\n<li>Lan\u00e7amento e acompanhamento de cr\u00e9dito consignado<\/li>\n<li>Altera\u00e7\u00e3o salarial<\/li>\n<\/ul>\n<\/td>\n<td>\n    <b>Integra\u00e7\u00e3o e Exporta\u00e7\u00e3o<\/b><\/p>\n<ul>\n<li>GFIP<\/li>\n<li>SIGA<\/li>\n<li>DIRF<\/li>\n<li>RAIS<\/li>\n<li>BANCOS<\/li>\n<li>MANAD (Arquivos Digitais)<\/li>\n<li>CREDCESTA<\/li>\n<li>Contra-cheque no terminal do Banco do Brasil<\/li>\n<li>Importa\u00e7\u00e3o<\/li>\n<li>Consignado Banco do Brasil e Bradesco<\/li>\n<li>PASEP<\/li>\n<\/ul>\n<\/td>\n<\/tr>\n<\/table>\n<p><iframe src=\"http:\/\/www.facebook.com\/plugins\/like.php?href=http:\/\/www.stconsultoria.com.br\/site\/?page_id=69&#038;layout=standard&#038;\nshow_faces=false&#038;width=380&#038;action=like&#038;colorscheme=light&#038;height=25&#038;locale=pt_BR\" scrolling=\"no\" frameborder=\"0\" style=\"border:none; overflow:hidden; width:350px; height:25px;\" allowTransparency=\"true\"><\/iframe><\/p>\n","protected":false},"excerpt":{"rendered":"<p>Um sistema completo que proporciona rapidez e tranquilidade nas atividades do setor de recursos humanos, obedecendo e se adequando \u00e0s exig\u00eancias dos Tribunais de Contas. Ministra todos os relat\u00f3rios e exporta\u00e7\u00f5es que s\u00e3o obrigat\u00f3rios ao setor p\u00fablico municipal. Possui um amplo cadastro com operacionalidade auto-explicativa. A acessibilidade \u00e9 controlada por senha de usu\u00e1rio e log\u00b4s &hellip; <\/p>\n<p><a class=\"more-link btn\" href=\"http:\/\/www.stconsultoria.com.br\/site\/?page_id=69\">Continue lendo<\/a><\/p>\n","protected":false},"author":1,"featured_media":0,"parent":0,"menu_order":2,"comment_status":"closed","ping_status":"closed","template":"","meta":[],"_links":{"self":[{"href":"http:\/\/www.stconsultoria.com.br\/site\/index.php?rest_route=\/wp\/v2\/pages\/69"}],"collection":[{"href":"http:\/\/www.stconsultoria.com.br\/site\/index.php?rest_route=\/wp\/v2\/pages"}],"about":[{"href":"http:\/\/www.stconsultoria.com.br\/site\/index.php?rest_route=\/wp\/v2\/types\/page"}],"author":[{"embeddable":true,"href":"http:\/\/www.stconsultoria.com.br\/site\/index.php?rest_route=\/wp\/v2\/users\/1"}],"replies":[{"embeddable":true,"href":"http:\/\/www.stconsultoria.com.br\/site\/index.php?rest_route=%2Fwp%2Fv2%2Fcomments&post=69"}],"version-history":[{"count":6,"href":"http:\/\/www.stconsultoria.com.br\/site\/index.php?rest_route=\/wp\/v2\/pages\/69\/revisions"}],"predecessor-version":[{"id":206,"href":"http:\/\/www.stconsultoria.com.br\/site\/index.php?rest_route=\/wp\/v2\/pages\/69\/revisions\/206"}],"wp:attachment":[{"href":"http:\/\/www.stconsultoria.com.br\/site\/index.php?rest_route=%2Fwp%2Fv2%2Fmedia&parent=69"}],"curies":[{"name":"wp","href":"https:\/\/api.w.org\/{rel}","templated":true}]}}